is s(30)?
-1
Let k(s) = -4687*s + 74129. Calculate k(16).
-863
Let p(i) = 2*i**2 - 21355*i - 22. Give p(0).
-22
Let h(g) = -5*g**3 + 259*g - 1576. Calculate h(6).
-1102
Let w(y) = y**3 - 404*y**2 - 434*y + 11961. Calculate w(405).
216
Let o(z) = 592*z**2 + 4735*z + 21. What is o(-8)?
29
Let g(r) = r**2 - 409*r + 12342. Give g(34).
-408
Let y(h) = -1631*h - 1140402. Calculate y(-699).
-333
Let x(a) = a**3 + 22*a**2 + 76*a + 2. Give x(-18).
-70
Let l(a) = 29*a**2 - 5610*a - 8783. Determine l(195).
-8
Let i(y) = 15376*y + 230830. Give i(-15).
190
Let h(k) = -2*k**3 - 2*k**2 + 82*k - 516. Calculate h(6).
-528
Let k(t) = -3*t**2 + 160*t - 2901. Calculate k(27).
-768
Let z(p) = 3*p**2 - 1245*p + 12111. Give z(405).
-39
Let v(a) = 21*a**2 - 316*a + 28. Give v(15).
13
Let l(u) = -307*u**2 - 5774*u + 7287. What is l(-20)?
-33
Let t(q) = -1648887*q - 8244442. What is t(-5)?
-7
Let g(j) = j**2 + 131*j + 3123. Calculate g(-31).
23
Let v(z) = z**2 + 128*z - 1556. Give v(15).
589
Let u(s) = 848*s + 45769. Determine u(-54).
-23
Let i(u) = 4*u**3 + 33*u**2 + 1603*u + 14672. Calculate i(-9).
2
Let d(p) = -1620*p - 21788. What is d(-15)?
2512
Let h(c) = -c**3 - 96*c**2 - 266*c + 1201. Determine h(-93).
-8
Let t(n) = 5892*n + 16378. Determine t(-3).
-1298
Let h(l) = -2333*l - 15650. Determine h(-7).
681
Let m(h) = 671*h**2 - 1454*h + 213. Give m(2).
-11
Let l(j) = -339*j**2 - 8127*j - 46. Calculate l(-24).
-262
Let o(x) = x**3 + 79*x**2 - 261*x + 675. Give o(-82).
1905
Let m(a) = -3607*a - 147908. Give m(-41).
-21
Let n(u) = 5354*u - 269060. Determine n(50).
-1360
Let x(p) = -267*p - 64882. Calculate x(-243).
-1
Let d(k) = -k**3 - 31*k**2 - 630*k + 3089. Give d(4).
9
Let l(k) = 4*k**2 + 2061*k + 6208. Determine l(-3).
61
Let f(p) = p**3 + 36*p**2 + 367*p + 1906. What is f(-24)?
10
Let a(o) = -o**3 - 30*o**2 - 41*o + 519. Calculate a(-28).
99
Let h(i) = i**3 + 24*i**2 - 63*i - 956. Calculate h(-25).
-6
Let z(q) = -2290*q + 6. What is z(0)?
6
Let u(d) = 3*d**2 - 1169*d - 15395. Determine u(-13).
309
Let f(g) = -4*g**3 + 54*g**2 - 400*g + 5648. Give f(14).
-344
Let v(d) = 31*d**2 - 25*d - 22. What is v(7)?
1322
Let l(g) = 12*g**3 + 290*g**2 + 45*g - 205. Give l(-24).
-133
Let w(g) = -2*g**3 - 49*g**2 - 275*g + 43. Determine w(-10).
-107
Let p(t) = -3038*t**2 + 57723*t - 8. Give p(19).
11
Let c(q) = -q**2 + 563976*q + 6203862. Determine c(-11).
5
Let l(x) = -11672*x - 1015499. What is l(-87)?
-35
Let x(p) = 4*p**2 + 5668*p - 120798. Determine x(-1438).
-6
Let y(o) = -21103*o - 2004801. Calculate y(-95).
-16
Let y(f) = -14052*f + 252914. What is y(18)?
-22
Let t(l) = 2*l**2 - 487*l - 20121. Give t(-36).
3
Let q(n) = 267*n - 2621. Give q(9).
-218
Let m(k) = 1502*k - 9008. Calculate m(6).
4
Let m(x) = -x**3 + 84*x**2 - 979*x. Give m(70).
70
Let s(r) = r**2 + 1580*r + 266492. Give s(-192).
-4
Let d(m) = -18*m**3 - 10*m**2 - 6*m - 1120. Determine d(0).
-1120
Let j(x) = x**3 - 33*x**2 + 68*x + 263. Give j(31).
449
Let m(y) = 1014*y + 2027. What is m(-2)?
-1
Let o(r) = -299*r - 7212. Determine o(-25).
263
Let s(d) = -d**3 + 18*d**2 + 33*d - 35. Give s(12).
1225
Let i(g) = -13*g**2 + 3068*g - 15446. Determine i(5).
-431
Let b(x) = -x**2 + 184*x - 6667. Determine b(89).
1788
Let x(o) = 102*o + 485. Give x(-12).
-739
Let y(f) = -f**2 + 1063109*f - 3189334. Calculate y(3).
-16
Let f(o) = -50*o**2 + 2227*o + 123. Give f(44).
1311
Let r(j) = -105367*j + 14224541. Determine r(135).
-4
Let x(q) = -851*q**2 + 453584*q - 587. Give x(533).
-54
Let z(a) = a**3 + 470*a**2 - 8288*a + 128. What is z(17)?
-25
Let m(u) = -u**3 + 517*u**2 + 1935*u + 352388. Determine m(522).
38
Let k(g) = g**3 + 82*g**2 + 1077*g - 7548. Give k(-63).
12
Let v(f) = -f**2 - 712629*f - 2137872. Determine v(-3).
6
Let i(q) = -2*q**3 + 893*q**2 - 1466*q + 58280. Calculate i(445).
-15
Let w(h) = -h**3 - 99*h**2 + 743*h - 142. Give w(-106).
-248
Let n(w) = 1455*w + 672797. What is n(-462)?
587
Let t(d) = -28*d**2 + 4*d + 454. Calculate t(-12).
-3626
Let o(q) = 23359*q**2 + 5255776*q + 153. Calculate o(-225).
-72
Let d(g) = -872*g + 1420502. Determine d(1629).
14
Let i(w) = w**3 + 638*w**2 - 1950*w + 78. Calculate i(3).
-3
Let s(f) = f**3 - 316*f**2 + 954*f - 3872. Give s(313).
823
Let u(t) = 3*t**2 - 3807*t + 41827. Determine u(11).
313
Let n(c) = 100*c**2 + 3643*c + 14589. Calculate n(-4).
1617
Let w(p) = -4*p - 1960. What is w(8)?
-1992
Let p(b) = b**3 + 39*b**2 + 365*b + 23. Give p(-22).
221
Let t(n) = n**3 + 205*n**2 - 11833*n + 2765. Give t(-252).
-7
Let i(o) = -2*o**3 - 14*o**2 - 32*o + 91. Give i(-9).
703
Let b(a) = -1958646*a - 21545106. Determine b(-11).
0
Let j(y) = -14*y**3 - 20*y**2 + 6*y + 15. Calculate j(1).
-13
Let k(r) = -2715*r + 458873. Give k(169).
38
Let b(v) = -10*v**2 + 34368*v + 241077. Give b(-7).
11
Let l(x) = 54*x**3 - 8*x**2 - 41*x - 20. Give l(-4).
-3440
Let j(r) = 184*r**2 + 88*r + 235. Determine j(-3).
1627
Let x(g) = -2*g**3 + 17*g**2 - 57*g - 5. What is x(9)?
-599
Let y(t) = -2*t**2 + 386*t + 24219. What is y(243)?
-81
Let p(s) = -2*s**2 + 2163*s - 29656. Determine p(14).
234
Let k(v) = -89634*v + 537532. Determine k(6).
-272
Let p(y) = 49*y**2 + 6851*y - 726. What is p(-140)?
534
Let s(f) = -363*f - 384. Give s(-3).
705
Let n(p) = -7*p**3 + 44*p**2 - 1126*p + 11200. What is n(10)?
-2660
Let n(g) = -846236*g + 14385974. Determine n(17).
-38
Let g(k) = -143*k**3 - 1040*k**2 - 41*k + 4. What is g(-7)?
-1620
Let f(v) = 712*v + 33429. What is f(-47)?
-35
Let l(f) = -12*f**2 - 828*f - 843. What is l(-67)?
765
Let m(p) = 102*p**2 - 360*p + 156. What is m(3)?
-6
Let r(v) = v**3 + 26*v**2 - 2315*v - 8586. What is r(39)?
-6
Let x(g) = 81404*g - 1465279. Determine x(18).
-7
Let b(j) = 7*j**2 - 124*j - 566. Give b(-6).
430
Let k(q) = q**3 + 73*q**2 + 141*q - 25. What is k(-71)?
46
Let o(m) = -m**3 - 32112*m**2 - 481451*m + 68. Give o(-15).
8
Let z(k) = 2*k**2 + 725*k + 64371. Determine z(-155).
46
Let a(p) = -3183*p + 203698. Give a(64).
-14
Let c(a) = -a**3 - 6*a**2 - 13105*a + 39383. Give c(3).
-13
Let j(n) = -n**3 - 455*n**2 - 7650*n + 1. What is j(-18)?
-3887
Let y(k) = 18836*k + 1205519. Give y(-64).
15
Let a(n) = n**2 - 702*n - 26379. Calculate a(-36).
189
Let p(y) = -5*y**3 - 59*y**2 - 172*y - 70. Give p(-4).
-6
Let y(l) = 318*l - 5200. Calculate y(31).
4658
Let w(q) = 3*q**3 + 21*q**2 - 80*q - 48. Determine w(-10).
-148
Let o(c) = -17*c**2 + 28*c - 26. What is o(-4)?
-410
Let l(g) = -8250*g - 726017. Determine l(-88).
-17
Let t(m) = -48*m + 1832. Calculate t(37).
56
Let n(i) = -37007*i - 294452. Give n(-8).
1604
Let r(o) = -93*o**2 + 1405*o + 355. What is r(15)?
505
Let a(f) = 1234*f**2 + 14*f - 17. What is a(1)?
1231
Let a(u) = u**3 - 60*u**2 + 544*u - 322. Calculate a(49).
-77
Let y(z) = 9546*z + 1699187. Give y(-178).
-1
Let l(t) = 8847*t - 2317915. Determine l(262).
-1
Let v(g) = 14*g**2 + 717*g - 325. What is v(-51)?
-478
Let s(m) = 3*m**3 + 81*m**2 + 247*m + 756. Determine s(-24).
12
Let x(h) = 308518*h - 4010735. Calculate x(13).
-1
Let j(y) = y**3 + 409*y**2 - 1169*y + 27580. Determine j(-412).
-24
Let p(c) = 556*c - 1214. What is p(6)?
2122
Let b(v) = 373539*v + 1867692. Give b(-5).
-3
Let c(g) = 34975*g + 104189. What is c(-3)?
-736
Let g(u) = 5*u**3 + 1846*u**2 + 366*u - 1135. Calculate g(-369).
-28
Let y(w) = -3*w**3 + 37*w**2 - 179*w - 519. What is y(-2)?
11
Let t(v) = -v**3 - 2*v**2 + 52*v - 55. Give t(-13).
1128
Let a(r) = r**3 + 199*r**2 - 148*r + 11285. Determine a(-200).
885
Let b(l) = 4*l**2 + 239*l + 1153. Calculate b(-5).
58
Let m(r) = -58*r**3 + 289*r**2 + 62*r - 413. Give m(5).
-128
Let s(r) = 152*r + 29919. Give s(-199).
-329
Let w(t) = -t**2 + 840*t + 23410. Determine w(-27).
1
Let u(x) = x**3 - 6*x**2 - 313*x + 2895. What is u(13)?
9
Let q(m) = -3*m**3 - 26*m**2 + 505*m + 4160. Give q(-8).
-8
Let n(x) = 130*x + 2394. What is n(-9)?
1224
Let v(a) = -39921*a + 4471194. What is v(112)?
42
Let k(r) = -61*r**2 - 4258*r - 11460. Determine k(-67).
-3
Let u(f) = f**2 + 3330*f + 49697. What is u(-15)?
-28
Let x(w) = -w**2 + 160*w - 5898. Calculate x(51).
-339
Let h(m) = 299*m + 12893. Determine h(-41).
634
Let q(b) = -b**2 + 282*b + 2502. Give q(-9).
-117
Let y(s) = 12*s**2 + 133*s - 1821. What is y(-19)?
-16
Let z(d) = -33850*d - 34011. Determine z(-1).
-161
Let v